f**3 + f**2 + 16. Let w be b(0). Suppose -4*a + 4 = w. What are the prime factors of (-48)/10*15/a?
2, 3
Suppose -28 = -3*m - 100. Let d = m - -49. What are the prime factors of d?
5
Let c = 243 + -85. What are the prime factors of c?
2, 79
Suppose -4*m + 11388 = 3*y - 8*y, 0 = m + 4*y - 2868. List the prime factors of m.
2, 23, 31
Let p be (-10)/(-15) + 32/6 + -1. Let c = 22 - p. What are the prime factors of c?
17
Suppose 0 = -47*j + 54816 - 9790. What are the prime factors of j?
2, 479
Let l(s) = -60*s**3 + 2*s**2 + s. Let p be l(-1). Suppose -3*g + 161 = -p. What are the prime factors of g?
2, 37
Let a(l) = 8*l + 14. Let f be a(-7). What are the prime factors of 20*((-1)/2 + f/(-7))?
2, 5, 11
Suppose 0*q - q + 4*j = -25, 0 = 5*q - 4*j - 77. Suppose 4*o = q + 67. List the prime factors of ((-6)/4)/((-3)/o).
2, 5
Let j(a) = a**3 + 2*a**2 + 4*a + 3. Let x(r) = -r**3 + r**2 - r. Let l(f) = -j(f) - 2*x(f). Suppose 5*c = 3 + 22. What are the prime factors of l(c)?
2, 3
Suppose -22*c + 15*c + 1694 = 0. What are the prime factors of c?
2, 11
Let y = 25 + 3. Let g = y + -86. Let j = -24 - g. List the prime factors of j.
2, 17
Suppose 3*o = 2*h + 93 - 4462, -o + 2177 = h. What are the prime factors of h?
2, 5, 109
Suppose 28*z - 21287 = 16737. List the prime factors of z.
2, 7, 97
Suppose -4*w = -l + 6, -4*l - 6 = w + 55. Let o = -34 - l. What are the prime factors of -6*o/6 - -3?
23
Let s be (-5)/2*(-7 - -5). Suppose 0 = s*f - 20, 4*c = 2*c - 2*f - 26. What are the prime factors of -1 - (-3 + 0 + c)?
19
Let m(i) = -2*i + 443. List the prime factors of m(0).
443
Suppose -1071 = 9*y - 14391. List the prime factors of y.
2, 5, 37
Let f(h) = 14*h - 1. Let y = -11 - -24. Suppose -5*o - 3 = -y. List the prime factors of f(o).
3
Suppose b = 2*b - 26. Let q = -16 + b. What are the prime factors of 35*((-6)/q)/(-1)?
3, 7
Suppose -4*d + 15*d = 264. Let r = -1 + d. List the prime factors of r.
23
Let j = 2045 - 1096. What are the prime factors of j?
13, 73
Suppose 5*g = -3*d + 13104, 205 = -d + 4*g + 4590. List the prime factors of d.
4373
Suppose 5*a + 93 = 1303. What are the prime factors of a?
2, 11
Suppose 5*o - 1297 = -4*t + 15448, 0 = -3*o - 2*t + 10047. What are the prime factors of o?
17, 197
Let x(w) = w**3 + 3*w**2 + w. Let q be x(-1). What are the prime factors of q + -1 + (-5 + 46 - 2)?
3, 13
Let x(p) = p. Let s(k) = -k**2 + 22*k + 22. Let i(q) = s(q) - 4*x(q). List the prime factors of i(13).
3, 29
List the prime factors of (58480/(-258))/((-2)/9).
2, 3, 5, 17
Suppose -n + z + 5722 = 0, -5*n + 17985 = -z - 10625. List the prime factors of n.
2, 2861
Suppose 22*i - 3575 = 7799. What are the prime factors of i?
11, 47
Suppose 356 = 4*n - 0*n. List the prime factors of (5 - 7) + (n - 0).
3, 29
Suppose -9*f - 30*f = -13455. List the prime factors of f.
3, 5, 23
Suppose r = -0*r + 3. Let x(m) = -2 + 0*m + 10*m + 0*m + 0. What are the prime factors of x(r)?
2, 7
Let d be ((-2)/(-3))/(17/459). List the prime factors of -3*(-4)/d*3.
2
Suppose 2460 = -6*n + 10*n + v, 4*v + 1826 = 3*n. What are the prime factors of n?
2, 307
Suppose 45 = 7*i - 46. Suppose -2*p = -i*p + 2046. What are the prime factors of p?
2, 3, 31
Let t(v) = v**2 + 2*v. Let q be t(-3). Suppose -2*y = q*i, -4*i = -5*y - 2*i. List the prime factors of -3 + y - (-15 - 0).
2, 3
Suppose -29*w + 35141 = 8171. What are the prime factors of w?
2, 3, 5, 31
Let y(v) = 30*v - 3. Let p be y(2). Suppose -12 = 4*n, -6*k - 3*n = -3*k - 15. Let u = p - k. What are the prime factors of u?
7
Let b be 3 - (2 + 2) - -2. Let o(f) = 127*f + 2. List the prime factors of o(b).
3, 43
Suppose -36 = -18*f + 16*f. Let r = f - -55. List the prime factors of r.
73
What are the prime factors of (-781)/(25/100*(0 + -2))?
2, 11, 71
Let o be 0/(-3 - -2 - 2). Suppose -8*m + 3*m = o. Suppose -4*i + 20 = -m*i. What are the prime factors of i?
5
Let h(u) = -42*u. What are the prime factors of h(-9)?
2, 3, 7
Let d(m) = -10*m + 1163. What are the prime factors of d(0)?
1163
Let w = -6 + 13. Let o = 48 + w. List the prime factors of o.
5, 11
Let o(y) = 14*y + 39. Let d be o(8). Let j = d + -26. What are the prime factors of j?
5
Let u be ((-40)/(-12))/(1/3). Suppose -2*p - 5*k + u = 0, 20 = 2*p - k - 2. Let h = p + -6. List the prime factors of h.
2
Let v(c) = -2*c + 14. Let m be v(6). Let b(g) = g + 2*g - g**3 + g**m - 8 + 5*g**2 + 5*g**2. What are the prime factors of b(11)?
5
List the prime factors of -81*((-4)/10)/((-48)/(-4120)).
3, 103
Suppose -3*i + 2360 = 5*u, 4*i = u + 3*i - 464. Let l = -227 + u. What are the prime factors of l?
2, 11
Let m be ((-4)/3)/(17/(-663)). List the prime factors of (m/(-65))/((-4)/350).
2, 5, 7
Suppose -z + 60 = -5*w, 0*w = w - 5*z - 12. Let s = 0 - w. Let c = s - 8. What are the prime factors of c?
5
Let a(y) = y**3 - 8*y**2 + 5*y + 7. Let p be a(7). Let z = p - -9. Suppose 3*r + 23 = 5*r + 5*d, -r + z*d = -16. What are the prime factors of r?
2, 7
Suppose -67*t + 1292 = -63*t. List the prime factors of t.
17, 19
Suppose 7 - 4 = n. Suppose 0 = -4*q - n*t + 289, -t - 144 = -4*q + 149. What are the prime factors of q?
73
Let x(n) = 5*n + 155. What are the prime factors of x(9)?
2, 5
Let l be ((-4)/6)/((-4)/(-6)). Let w be 4 + (l - -1)/4. Suppose -6*v = -w*v - 72. What are the prime factors of v?
2, 3
Let r(h) = 2*h**2 + 4*h - 2. Suppose 0 = o - 2 + 3. Let k = -5 - o. What are the prime factors of r(k)?
2, 7
Suppose -4*b + f = -4263, -16*b = -15*b + 4*f - 1070. List the prime factors of b.
2, 13, 41
Let i(c) be the second derivative of -c**5/20 + 2*c**4/3 - 7*c**3/6 + c**2 + c. Let o = 103 - 97. List the prime factors of i(o).
2
Suppose 0 = -4*k - v + 1164, -5*k - 3*v = -4*v - 1464. Let h = -66 + k. List the prime factors of h.
2, 113
Let y be (-3)/(-3) + (-4 - -3). Suppose -d + 3 + 1 = y. Suppose -i + 4 = 0, -4*z - d*i = -i - 192. List the prime factors of z.
3, 5
Let s be 3/(2*12/304). Let j = s + -60. Let y = 9 - j. List the prime factors of y.
31
Let w = 27 + -27. Let r(h) = -5*h**2 + 4*h**2 + h + 8 + 8. What are the prime factors of r(w)?
2
Let i(q) = -2*q**3 + 24*q**2 - 34*q + 6. What are the prime factors of i(10)?
2, 3, 11
Suppose -721 = -q + x, 13*x = 2*q + 12*x - 1443. What are the prime factors of q?
2, 19
Let c(b) = -b**3 - 17*b**2 - 30*b - 8. Let h be c(-16). Suppose -3*l = -l - h. List the prime factors of l.
2, 3
Suppose 0 = -3*f - 70 - 17. Suppose -s - 31 = 2*l - 6, 4*l = -4*s - 52. Let r = l - f. What are the prime factors of r?
17
Let o(b) = -b**2 - 12*b + 8. Let c be o(-12). Suppose -15*r + 16*r - 3 = 0. What are the prime factors of r + (-3)/((-12)/c)?
5
Suppose 2*h - 2*v - 893 = -133, 5*h = -2*v + 1879. List the prime factors of h.
13, 29
Let y = -116 + 145. Suppose 3*m - 31 = -5*d, 4*d + 5*m - 32 + 2 = 0. Suppose -d*o - y = -134. List the prime factors of o.
3, 7
List the prime factors of -4*((-7 - 116) + 5).
2, 59
Let y = 208 - 48. List the prime factors of 96/40*y/6.
2
Let p = 5307 - 3080. Suppose b = -16*b + p. What are the prime factors of b?
131
Let s = 8286 + -5825. What are the prime factors of s?
23, 107
Suppose -14*s + 7580 = -4*s. What are the prime factors of s?
2, 379
Let w(l) = -249*l**2 + 310*l**2 + 1 + 0*l + l. List the prime factors of w(-1).
61
Let m be (24/9)/(4/(-12)). Let t = -1 - m. Let p = 26 + t. What are the prime factors of p?
3, 11
Suppose -40*r = -50*r + 4050. What are the prime factors of r?
3, 5
Let n(b) = -b**3 + b**2 + 3*b + 150. Let y = 25 + -25. What are the prime factors of n(y)?
2, 3, 5
List the prime factors of -20 + 13 - -2*271.
5, 107
List the prime factors of 6/15 + (22788/10)/3.
2, 5, 19
Let a(y) = y**3 - 8*y**2 - 9*y. Let p be a(9). Suppose -x + 2 = 0, p*d - 5*x + 146 = 2*d. List the prime factors of d.
2, 17
Let v(b) = b**2 + 3*b - 2. Let c be v(-4). Suppose 4*t + 5*w = 151, -3*w + w = -c*t + 80. List the prime factors of t.
3, 13
What are the prime factors of ((-388)/7)/((-22)/154)?
2, 97
Let l(v) = 2*v + 10. Let r be l(0). Let z(f) = -r*f**2 + f + 4*f**2 - f**3 + 5*f**2 + 0*f. List the prime factors of z(-3).
3, 5
Let r(w) = 4*w**2 - 56*w + 57. List the prime factors of r(-22).
3, 5, 43
Let i be (-136)/(-10) - (-8)/20. Let d = i + -5. List the prime factors of d.
3
Suppose -41 = -9*a + 40. List the prime factors of ((a/(-5))